der when 26 is divided by (4 - 6) + 17*1.
11
What is the remainder when (4 - 0)*27/6 is divided by (8/12)/(1/15)?
8
What is the remainder when 45 is divided by -3 - 0 - -5*3?
9
Suppose -5*j + 76 = f, -5*f + 5*j + 230 = -0*j. Calculate the remainder when f is divided by 2 + (-5 - -1) + 15.
12
Let y = -76 + 134. Calculate the remainder when y is divided by 12.
10
Let g = 11 - 7. Calculate the remainder when (6/4)/(9/54) is divided by g.
1
Let t = -15 + 18. What is the remainder when 9 is divided by t?
0
Let j(w) be the third derivative of -w**6/120 - w**5/60 + w**4/12 - w**3/6 - w**2. What is the remainder when j(-3) is divided by 6?
5
Let a(p) = p**2 - p + 7. Suppose 30 = 4*v + v. Calculate the remainder when a(v) is divided by 13.
11
Let g = -47 - -34. Let p = 19 + g. What is the remainder when 11 is divided by p?
5
Let q = 17 - 8. Let f = -62 - -104. Calculate the remainder when f is divided by q.
6
Suppose 5*t + 15 = 10*t. What is the remainder when 9 is divided by t?
0
Let k(d) = d**2 - 6*d + 6. Let x be k(6). Let o(a) = -45*a + 2. Let h be o(2). Calculate the remainder when 23 is divided by 4/x - h/12.
7
Suppose -v + 269 = 2*v + 2*a, 3*a = -15. What is the remainder when v is divided by 24?
21
Let o = 101 + -84. What is the remainder when o is divided by 10?
7
Suppose f - 3*r - 3 = 2*f, 0 = 2*f + 5*r + 4. Suppose -35 = f*x - 4*x. Calculate the remainder when x is divided by 12.
11
Let q(o) = -o + 43. Calculate the remainder when 132 is divided by q(9).
30
Let s(u) = -3*u**2 + 6*u - 6. Let b(y) = -y**2 + y - 1. Let h(j) = 2*b(j) - s(j). Suppose a = 3*a - 50. What is the remainder when a is divided by h(5)?
7
Let w(p) = -3*p + 3. Calculate the remainder when 144 is divided by w(-6).
18
Let h(o) = o**3 - 10*o**2 - 2*o + 10. Let t be h(10). Calculate the remainder when (-318)/(-14) + t/(-35) is divided by 12.
11
Suppose -3*h - x + 9 = 0, 5*x - 24 = -5*h - 9. Suppose u = -0*u + h. What is the remainder when 3 is divided by u?
0
Suppose -36 = -2*n - 2*t + 4*t, n = -t + 16. What is the remainder when 31 is divided by n?
14
Calculate the remainder when 10 is divided by (-3)/(-4 + 2 + 1).
1
Suppose 2*j = -0*j + 5*c, 5*j + 4*c + 33 = 0. What is the remainder when (-15)/(-6)*(-4)/j is divided by 2?
0
Suppose r - 61 = -4*v - 11, -3*r - 3*v + 177 = 0. What is the remainder when r is divided by 16?
14
Let j(n) = 4*n + 24. What is the remainder when 45 is divided by j(0)?
21
Suppose 4*t - 96 - 24 = 0. Calculate the remainder when t is divided by 18.
12
Let d(j) = 2*j**2 + 3*j - 6. Let b(z) = -z + 1. Let f be b(7). What is the remainder when d(f) is divided by 17?
14
Let n(y) = 18*y + 6. What is the remainder when 46 is divided by n(1)?
22
Suppose -136 = -2*a - 44. Suppose 4*h - 2*k = -82, 3*h + 70 = -2*k + 5. Calculate the remainder when a is divided by (-2)/(-1 + h/(-24)).
14
Let m = -10 - -14. Suppose -5*p + 4*p - 66 = -5*y, 2*y - 31 = 5*p. What is the remainder when y is divided by m?
1
Let f = 8 - 4. Suppose -5*r + 2*v = -205, -4*r + r = -f*v - 123. What is the remainder when r is divided by 11?
8
Let p = 37 - 35. Let c(f) = f**3 - 4*f**2. Let k be c(4). Let d = p - k. What is the remainder when 5 is divided by d?
1
Suppose -2*i = 4*s + 2, 4*s + 7 = -1. Calculate the remainder when 43 is divided by (-154)/(-21)*i/2.
10
Suppose 2*k - 13 = -5*p, -5*p + 37 = 3*k - p. Calculate the remainder when k is divided by 6.
1
Suppose 10 + 5 = 3*v. Suppose -v = 2*j - 79. Suppose g - 39 = -2*g. What is the remainder when j is divided by g?
11
Suppose -270 = -13*o + 7*o. What is the remainder when o is divided by 23?
22
Let q(j) = j**3 + 7*j**2 - 7*j + 4. Let w be q(-8). Calculate the remainder when w/(-18) + (-565)/(-9) is divided by 33.
30
Suppose -38 = -3*d - 4*w, 3*w - 10 - 5 = 0. Suppose 19 = r - u, r + 4*u + d = -0. Suppose -r = -2*l - 0. Calculate the remainder when l is divided by 4.
3
Let z(d) be the second derivative of -d**3/6 - 2*d**2 + 3*d. Let r be z(-4). Suppose r*y = -y + 47. Calculate the remainder when y is divided by 16.
15
Let o be ((-3)/(-4))/(1/(-4)). What is the remainder when 1/(-3) - 61/o is divided by 11?
9
Suppose -z = -2 + 14. Calculate the remainder when 24 is divided by 13/((-3)/z*4).
11
Let c(h) = 27*h**3 + h**2 - h. Calculate the remainder when 51 is divided by c(1).
24
Let d(y) = y**2 - 8*y + 8. Let k be d(9). Suppose r + k - 46 = 0. Suppose 0 = -4*n + 7*n - 30. Calculate the remainder when r is divided by n.
9
Suppose 0 = h + 9*h - 70. Suppose -4*v = 16 - 60. What is the remainder when v is divided by h?
4
Suppose -3*l = 4*i - 68, 0 = 3*l - 2*l - i - 11. What is the remainder when 63 is divided by l?
15
What is the remainder when (3/(-1))/3*1 + 60 is divided by 31?
28
Let c(f) = 3*f**3 - 2*f - 1. Let b be c(-1). Calculate the remainder when (-2)/8 + (-186)/(-8) is divided by (24/(-18))/(b/12).
7
Let a = -367 + 376. What is the remainder when a is divided by (-2)/4 + 26/4?
3
Suppose 2*q - 65 = -l, -20 = 4*l - 0*l. Suppose 0 = -3*b - 22 + 58. Calculate the remainder when q is divided by b.
11
Suppose -229 = -4*n - 4*z + 459, 0 = 3*n + 5*z - 526. What is the remainder when n is divided by 42?
41
Suppose -3*h + 75 = u, h = 5*u + 5*h - 375. Suppose 2*m = u - 23. What is the remainder when m is divided by 9?
8
Let w = -97 + 149. Calculate the remainder when w is divided by 28.
24
Let h be -1 - 1 - (1 - 4). Let k(c) = 3*c**3 - c. Let p be k(h). Suppose -j + 5*o = -58, -2*j - p*j = 2*o - 144. What is the remainder when j is divided by 13?
12
Let i be (1 - 1)/(10/5). Suppose -3*t + i*t + 60 = 0. Calculate the remainder when ((-76)/(-6))/((-3)/(-9)) is divided by t.
18
Suppose 4*v - 2 = 14. Suppose 3*p + 15 = v*p. What is the remainder when 42 is divided by p?
12
Suppose 68 = f + 2*f - 4*i, 2*f - 7 = -5*i. Let z(a) = 6*a**2 + 2*a - 2. What is the remainder when z(-3) is divided by f?
14
Suppose 5*c - 180 = 3*c. Calculate the remainder when c/(-27)*(-6)/4 is divided by 3.
2
Calculate the remainder when 10 + -3 + (4/(-2) - -3) is divided by 3.
2
Let h = -6 + 9. Let v = 16 - 5. Suppose -3*i = i - 5*m - v, -1 = i - 5*m. Calculate the remainder when i is divided by h.
1
Suppose -7*k + 146 + 316 = 0. Calculate the remainder when k is divided by 17.
15
Suppose 4*t - 12 + 32 = 0. Let p be t/2*8/(-5). Suppose -p*k = 3*l - 142, -3*k + 140 = k + 4*l. Calculate the remainder when k is divided by 19.
18
Suppose -5*f - 31 = -2*p, 2*p - 5*p = 2*f - 56. Suppose 122 = 4*i + 2*z, 2*z - 62 - 27 = -3*i. Calculate the remainder when i is divided by p.
15
Suppose 5*k + 0*k = 175. What is the remainder when 104 is divided by k?
34
Let g(q) = -q**3 - q**2 + 5*q - 3. Calculate the remainder when g(-4) is divided by 13.
12
Let o = -4 - -6. Let c = -1 + o. Let d(r) = -3*r + 4. What is the remainder when c is divided by d(1)?
0
Let z(a) = a**3 + 4*a**2 - 3*a - 6. Calculate the remainder when 27 is divided by z(-3).
3
Let b(x) = -x**3 + 10*x**2 + x - 5. Let v be b(9). Suppose 2*i - 4 = 0, 5*f = -2*i + v + 4. Calculate the remainder when f is divided by (-1)/(2/(-36)*2).
8
Let u(r) = -r**3 + 5*r**2 + 6*r + 1. Let v be u(6). Suppose 3*j - 25 + v = 0. What is the remainder when 15 is divided by j?
7
Suppose -42*r + 46*r - 16 = 0. Calculate the remainder when 29 is divided by r.
1
Let y = 75 - 11. Calculate the remainder when y is divided by 34.
30
Suppose -v + 4 + 0 = 0. Suppose 3*s = p + 5, v*p = -2*s - 0 + 22. Suppose p*t - 68 = 2*t. Calculate the remainder when t is divided by 12.
10
Let t = -597 + -145. What is the remainder when 1/5 + (-169)/(-5) is divided by t/(-63) + (-2)/(-9)?
10
Suppose 0 = -3*o - u + 114, 76 = 2*o - 5*u + 6*u. Calculate the remainder when 75 is divided by o.
37
Suppose 2*v + 4 = 3*v. Let p = -2 + v. Calculate the remainder when 8*(4 - (-14)/(-4)) is divided by p.
0
Suppose 6 = f + 4*h, -48 = 4*f - 2*h - 0*h. Let q = f + 16. What is the remainder when 9 is divided by q?
3
Suppose -s + 19 = -6*m + m, -5*s + 2*m = -26. Calculate the remainder when 11 is divided by s.
3
Suppose 2*u + 0*u - 20 = 0. Calculate the remainder when 58 is divided by u.
8
Suppose 0 = 4*h + 3 + 9, 4*h = -3*s - 3. Suppose 0 = -d - 5, -j + 37 = s*j + 3*d. Calculate the remainder when j is divided by 8.
5
Let d be 1/4 + 65/(-4). Let n = d + 62. Let p = 80 - n. What is the r